 is the remainder when s is divided by j?
0
Let r = -458 + 250. Let h = 227 + r. Calculate the remainder when h is divided by 8.
3
Let b(y) = 2*y**2 - 13. Let z be b(-3). Let l(n) = n**2 - 3. Let f be l(z). Suppose -13*d + f = -30. Calculate the remainder when 10 is divided by d.
2
Let a be 21/63 - (-2 - 14/(-6)). Suppose -4*o - 81 = -3*w + 2*w, 5*o - 158 = -3*w. What is the remainder when w is divided by 24 + (a - 1) + -2?
19
Let d be (-10 - (-385)/14)*16/10. Suppose d*c = 26*c + 88. Suppose p + p - 46 = 0. What is the remainder when c is divided by p?
21
Suppose 38 + 34 = -2*r + 4*j, r + 45 = -j. Let t = r + 75. Calculate the remainder when 97 is divided by t.
31
Let u = -5021 - -5049. What is the remainder when 362 is divided by u?
26
Suppose -t + 34 = -35. Let y be 7 + -5 + 3 - 187. Calculate the remainder when t is divided by ((-38)/(-6))/((y/(-39))/14).
12
Let o = 17 + 3. Suppose 472 - 45 = k - 2*x, -4*x = -k + 439. What is the remainder when k is divided by o?
15
Suppose 468 = -35*x + 36*x. Suppose x = 15*o - 162. What is the remainder when 138 is divided by o?
12
Let v(h) = -4*h**3 + 83*h**2 - 60*h + 39. Calculate the remainder when 121 is divided by v(20).
4
Let d be 18 - (2 + (1 - 6)). Suppose -125 = 16*w - d*w. What is the remainder when 67 is divided by w?
17
Suppose -2113 = -10*m - 11253. Let j = 918 + m. Suppose -l + 1 + 4 = 0. What is the remainder when l is divided by j?
1
Let g = 132 - 95. Suppose -2*n + 26 = 4*l, -12 = -4*l + 2*n + 18. Let d(u) = u**3 - 7*u**2 + u + 13. Calculate the remainder when g is divided by d(l).
17
Let r(g) = 11*g**3 - g**2 - g - 1. Let k be r(-2). Let d = k + 202. Let p = d + -99. Calculate the remainder when 47 is divided by p.
11
Let g(a) = -a**3 + 2*a**2 + 52*a - 16. Suppose -5 + 68 = 3*x. Calculate the remainder when g(7) is divided by x.
19
Suppose -52434 - 47700 + 35174 = -70*p. Calculate the remainder when p is divided by 185.
3
Let y(u) = 5 + 31 + 2*u - 8*u. What is the remainder when y(-4) is divided by 33?
27
Let d = 3288 + -2982. What is the remainder when d is divided by 81?
63
Let r = 6882 + -6273. Calculate the remainder when 1852 is divided by r.
25
Let p be (-7)/((-35)/40)*8. Suppose p = q - 33. Let v = 159 - q. What is the remainder when v is divided by 16?
14
Let q = 391 - 304. Let p(z) = 5*z - 2. Calculate the remainder when q is divided by p(5).
18
Let p be (10 - 0)/(-7 + (-640)/(-90)). Suppose j + 7 = p. What is the remainder when 497 is divided by j?
82
Let d(p) = 190*p**2 - 246*p - 977. Calculate the remainder when d(-4) is divided by 122.
119
Suppose -8*k - 6401 = -30*k - 1077. Calculate the remainder when k is divided by 123.
119
Let i(g) = -2*g**2 + 26*g - 6. Let j be i(13). Let z be j/9 + (-85)/(-15). Suppose z*m - 115 = -0. Calculate the remainder when 91 is divided by m.
22
Let n = -884 - -886. What is the remainder when 1*0/n + 11280/30 is divided by 32?
24
Let q(a) = -a**2 - 31*a + 43. Let h be q(-32). Suppose -2*r = h*r - 390. Calculate the remainder when 56 is divided by r.
26
Let x(n) = -24*n + 152. Let j be x(0). Let z = -129 + j. Calculate the remainder when z is divided by 15.
8
Let d(i) = i**3 - 11*i**2 + 28*i + 1. Let n = -91 + 98. Suppose h = 5*p + 18, -2*p - 14 = -3*h + 1. Calculate the remainder when h is divided by d(n).
0
What is the remainder when (-24)/224*-8 + 2*122646/84 is divided by 52?
9
Let u(c) = 3*c**2 - 3*c - 4. Suppose 19*i - 6*i = -26. What is the remainder when u(i) is divided by 5?
4
Suppose -19 = -2*g + 4*d + 81, 3*d - 9 = 0. Suppose -4*s + 154 = -2*r - 1868, 0 = 3*s - 5*r - 1555. What is the remainder when s is divided by g?
52
Let f = 20568 - 20183. Calculate the remainder when f is divided by 78.
73
Suppose -p - 2*h - 5 = 0, -5*p = h + 4*h. Suppose 9*u - p*u + 8 = 0. What is the remainder when 31 is divided by (968/(-14))/(-4) + u/7?
14
Calculate the remainder when 149 is divided by (34/102)/(-2 - (-844)/420).
9
Let y = -365 + 361. What is the remainder when 127 is divided by (-3)/2*143/26*y?
28
Let w(t) = 1330*t - 9284. Calculate the remainder when 7147 is divided by w(7).
23
Let d = -181 - -187. Suppose -8*l + 42 = -d. What is the remainder when 25 is divided by l?
1
Suppose 3*l + 4*y - 52 = 0, 0 = 4*l - 6*l + y + 20. Calculate the remainder when 12 is divided by (-3 + (-27)/(-6))*l/6.
0
Let t = 510 + -240. Suppose -275*m = -t*m - 140. What is the remainder when 45 is divided by m?
17
Let g = -1141 - -1630. Let r = g + -476. Calculate the remainder when 75 is divided by r.
10
Suppose -3*a = 2*d - 136, -3*a + 143 = -13*d + 8*d. Let t(w) = w**2 - 5*w + 6. Let n be t(5). Calculate the remainder when a is divided by 3/2*64/n.
14
Suppose 8*t = 9*t - 2, 4*t - 358 = -5*y. Calculate the remainder when 3351 is divided by y.
61
Suppose 4*t + 89 = k, 44*t - 45*t + 79 = k. Let g = -25 + 54. Calculate the remainder when k is divided by g.
23
Suppose -15*g = 4*s - 11*g - 40, s - 12 = -3*g. Suppose 21*k = s*k + 36. Suppose -3*q - 1 + 10 = 0. Calculate the remainder when k is divided by q.
0
Let m(z) = z**3 + 2*z**2 - 42*z - 2. Calculate the remainder when 425 is divided by m(6).
17
Let b(p) = 11*p**3 + p - 1. Let y be (-28)/(-8)*2/7. Let k(o) = o**2 + 3*o - 359. What is the remainder when k(-21) is divided by b(y)?
8
Suppose -3*w = -10*w - 5635. Let k = -709 - w. What is the remainder when k is divided by 9?
6
Let a = 48 - 43. Let g be 113 + (a - (-1 - 0)*-3). Let w = -39 + g. Calculate the remainder when w is divided by 16.
12
Let x(n) = -8*n + 34. Let s be x(-10). Let u = s - 42. Calculate the remainder when u is divided by (-1)/2 + (-234)/(-12).
15
Let x be 14/63 + 68/18. Suppose 4*u - 6*c - 176 = -x*c, -4*u + 180 = -c. Calculate the remainder when 273 is divided by u.
43
Let b(y) = y**3 - 16*y**2 - 35*y - 21. Let n(p) = -p**3 + 16*p**2 + 35*p + 20. Let f(t) = -3*b(t) - 2*n(t). Calculate the remainder when f(18) is divided by 5.
0
Let r(w) be the third derivative of w**6/60 - 2*w**5/15 + w**4/24 + 11*w**3/6 - 20*w**2. Calculate the remainder when 194 is divided by r(5).
62
Let l(k) be the second derivative of 1/12*k**4 - 2/3*k**3 + 0 + 4*k**2 + 11*k. Calculate the remainder when 77 is divided by l(-4).
37
Let q(d) = 31*d - 19. Let w(c) = -2*c**2 - 85*c + 57. What is the remainder when q(6) is divided by w(-43)?
13
What is the remainder when 4353 is divided by 552 - ((-96)/12 + 15 + 2)?
9
Let g(x) = 154*x**2 + 46*x + 97. Let u be g(-2). Let a = -565 + u. What is the remainder when a is divided by 6?
2
Let d be (-2)/(-8) + (-990)/(-72)*-7. What is the remainder when 124 is divided by ((-15)/9)/(40/d)?
0
Suppose 9*t - 7 - 20 = 0. Let o = 7 + t. What is the remainder when 13 + (-5)/o*-2 is divided by 5?
4
Let g(n) = 10*n**2 - n. Let o(k) = k**3 - 16*k**2 - 27*k - 145. Calculate the remainder when g(-4) is divided by o(18).
11
Suppose 0 = 5*i - 4*y - 327, y + 3*y = 4*i - 264. Let l = i + -61. Let r(q) = 9*q**2 - 6*q + 6. What is the remainder when r(l) is divided by 11?
8
Let o(y) = -3*y + 12. Let t be o(4). Let u(z) = -2*z + 182 - 165 + t*z + z**2. Calculate the remainder when 32 is divided by u(0).
15
Let o = 589 - 266. Let v(y) = 9*y**2 + 654*y + 486. What is the remainder when o is divided by v(-72)?
53
Suppose -3*g + 271 = 7*y, 5*y - g - 76 = 105. Calculate the remainder when 49 is divided by y.
12
Suppose -90 = 2*v - 12*v. Let z = -3 + 6. Suppose 4*y = -16, -2*k + z*k + v = -3*y. Calculate the remainder when 14 is divided by k.
2
Suppose 4*n - 377 = 3*o - 1811, 0 = 6*n - 36. What is the remainder when 1472 is divided by o?
14
Suppose 8*b - b + 147 = 0. Let l = -23 - b. Let h(y) = 5*y**2 - y - 7. What is the remainder when h(l) is divided by 4?
3
Let j = 63 - 44. Suppose 0 = 3*a - 2*g - 0 - 58, 3*g - 66 = -4*a. Let x = a - -16. Calculate the remainder when x is divided by j.
15
Suppose 3*i - 2 = 13. Calculate the remainder when 5 - (92/i)/(2/(-35)) is divided by 6.
3
Let w = 1014 - 948. Suppose 0 = -0*s + 5*s - 170. Calculate the remainder when w is divided by s*((-9)/(-6))/3.
15
Let j = 158 + -55. Let k be -1*j + (-55)/11. Calculate the remainder when 55 is divided by (15/9)/((-15)/k).
7
Let d(n) = 8*n**2 - 28*n - 19. Calculate the remainder when d(6) is divided by 65.
36
Suppose a - 3996 = -m, 0 = -5*a - 35 - 5. Calculate the remainder when 